rmine x(-4).
4
Let l(t) = -4*t**2 + 19*t + 42. Let u be l(-2). Let m(y) = 3*y + 1. Give m(u).
-35
Let d be 480/84 + (-4)/(-14). Let q(g) = 4*g**2 + g**3 + d - 4*g**3 - 50*g + 52*g + 2*g**3. Give q(5).
-9
Suppose -2*f - 5*i - 3 = -2*i, 0 = -f - 3*i. Let a(t) be the second derivative of -t**4/12 - t**3/6 + t**2/2 - 74*t. Determine a(f).
-5
Let m = -3 - -3. Let f(x) = -x - 1. Let h(z) be the second derivative of z**3/3 + 5*z**2 - 5*z. Let w(q) = -3*f(q) - h(q). Calculate w(m).
-7
Suppose 5*k = -q - 0 - 25, -2*k + 5*q = -17. Let i(c) = 2*c**3 - 3*c**2 + c**3 - 4*c**3 + c + 3*c. Give i(k).
0
Let m(u) = -4*u - 202*u**3 + 2*u + 201*u**3 + 5*u + 4 - 5*u**2. What is m(-5)?
-11
Let z(n) = -12*n**3 + n + 1. Let t be 2/(-1 + 4/3). Let j = -6 + t. Suppose 3*u - 5*u = -w - 5, j = -4*w - 2*u. Determine z(w).
12
Let k(b) = -2 - b**3 + 3*b**2 - 313*b + 621*b + 2*b**3 - 307*b. Suppose 3*n = 2*u - 6, 4*u - 2*n + 0*n + 4 = 0. Calculate k(u).
-5
Let r(w) = -w**2 + 39*w - 21*w**2 + 20 + 24*w**2. Let x be r(-19). Let u(d) = -5*d**3 - d - 6*d**2 + 4*d**2 + 3*d**2. Calculate u(x).
-5
Let o(k) = k**3 + 2*k**2 - 2*k + 1. Suppose 0 = q + 2*x + x + 19, -q - 2*x - 14 = 0. Let n be ((-9)/(-6))/(-3)*q. Calculate o(n).
13
Let m(z) be the first derivative of -z**5/60 - z**3/6 - z**2 - 1. Let u(x) be the second derivative of m(x). Let p be ((-8)/24)/(-2 - 22/(-12)). What is u(p)?
-5
Let g(b) = -b**3 - 3*b**2 + 2*b - 1. Let t = 57 + -38. Let n = -23 + t. Determine g(n).
7
Let f(h) = 2*h + 4. Let q be f(-3). Let k(z) = -2*z**3 - z**2 + 1. Let w be k(-1). Let l(d) = -2 + 2 - 1 + 0*d**2 - 2*d**w - 3*d. Determine l(q).
-3
Let j(l) be the second derivative of l**3/3 + 5*l**2 + l - 37. What is j(-9)?
-8
Suppose -3*g = g + 28. Let j = g - -15. Let b = j + -4. Let h(y) = -2*y**2 + 5*y - 1. Calculate h(b).
-13
Let t(p) be the first derivative of p**4/12 + 5*p**3/6 - 3*p**2/2 + 11*p - 32. Let s(f) be the first derivative of t(f). Determine s(-4).
-7
Let d(p) = 3*p**3 - 3*p + 2. Let k be d(1). Let v(j) = 2*j**k + 4 + 51*j + j**3 + 4 - 55*j - 7. Give v(-3).
4
Let c(j) be the third derivative of j**7/2520 - j**6/180 + j**5/60 - j**4/3 - 12*j**2. Let q(k) be the second derivative of c(k). Determine q(3).
-1
Let a = -1174 + 1167. Let w(q) be the second derivative of q**4/12 + 7*q**3/6 - 7*q**2/2 - q. Give w(a).
-7
Let d be (-5 - -4)*0/(-3). Let k(o) be the third derivative of o**5/120 - 5*o**4/24 - o**3/6 - 2*o**2. Let n(p) be the first derivative of k(p). What is n(d)?
-5
Suppose 9 = -4*c + b - 4*b, -2*c = -2*b - 6. Let g(a) = -6 + 4 + a - 1 + c*a. Suppose 0 = i + i + 6. Determine g(i).
-6
Suppose -5*u - 3*c + 45 = -0*c, 3*c + 15 = 5*u. Let d(a) = u*a - 3 + 3 + 2*a + 1. Calculate d(-1).
-7
Suppose 3*m - 18 = -g, 0 = -5*m + 6*g - 5*g + 22. Let d(j) = -4*j. Let l(a) = 5*a. Let r(u) = 4*d(u) + 3*l(u). What is r(m)?
-5
Let y be 2 + 1 + (-3 - -3). Let p(h) = -2 - 3*h**2 + 0*h + 3*h**3 - 5*h**3 + 3*h**y - h. Give p(3).
-5
Let i(h) = h**3 + 4*h**2 + h + 5. Let a be i(-4). Let b = -130 - -186. Let u(o) = b*o - 32*o + 1 - 7*o**2 - 26*o. Calculate u(a).
-8
Let g(n) = -43 + 0*n + 3*n + 3*n + 2*n + 49. Give g(5).
46
Let f(r) be the third derivative of -r**5/30 + r**4/24 - 5*r**3/6 + 54*r**2. Let h(d) = -5*d**2 + d - 9. Let o(a) = 7*f(a) - 3*h(a). What is o(-6)?
4
Let n be 1*6*2/(-3). Suppose 0 = -5*s + 4 + 21. Let r(c) = -s*c - 3*c + 6*c - 6. Calculate r(n).
2
Let z(y) = 187 - 189 + 5*y + y**2 - y + 2*y. Suppose -r = 4*r + 25. Determine z(r).
-7
Suppose -5*u - 11 = -1. Let t(a) = -2*a**2 - 2*a - 2. Give t(u).
-6
Suppose -q = -7 + 3. Suppose -3*f - 26 = -q*v, 0*f + 4*f + 26 = v. Let k(x) be the third derivative of -x**4/24 + 2*x**3/3 + 6*x**2. Calculate k(f).
10
Let s be 50/20 - (-1)/2. Suppose -3*x + 12 = 0, -4*x - 2 = 5*y - 18. Let b(z) = 5 - 5*z - 2 + 7*z + y*z. Calculate b(s).
9
Let h(p) = 3*p. Suppose 22*s - 32 = 14*s. Suppose 0 = 2*m + 3*l + 18, -3*m + 0*l = s*l + 26. What is h(m)?
-18
Let p be (1/2*6)/(3/10). Let t(f) = 6*f + f**2 + 0*f**2 + 0*f - p. Calculate t(-7).
-3
Let q(o) be the first derivative of o**3/6 + 3*o**2/2 - 24*o + 1. Let n(k) be the first derivative of q(k). Give n(-6).
-3
Let r(h) = h**3 - 6*h**2 + 4*h + 6. Suppose 3*g - 7*g + 14 = 2*l, -4*l + 23 = 3*g. Give r(l).
1
Let c(z) be the second derivative of -z**3/3 - 9*z**2/2 - 5*z - 1. Determine c(-8).
7
Let a(l) = 3*l**2 + 75*l - 80. Let v be a(-26). Let p(b) = -2*b**2 - 3*b - 1. Give p(v).
-3
Let w be 0/((-7)/((-84)/24)). Let u(a) be the third derivative of 0*a - 12*a**2 + 5/6*a**3 + w + 1/12*a**4. Give u(-4).
-3
Let f(r) be the second derivative of -r**4/6 + r**3/3 + 3*r**2/2 + 2*r - 3. Give f(3).
-9
Let j = -29 - -34. Suppose -10 = j*v - 10*v. Suppose -v*g - 1 = -5. Let t(r) = 3*r**2 - 4*r + 3. Give t(g).
7
Let u(l) = -25*l + 24. Let m(h) = -21*h + 23. Let j(n) = -7*m(n) + 6*u(n). What is j(-5)?
-2
Let t(j) = -4*j + 4. Let a(x) = 7*x - 8. Let y(z) = 3*a(z) + 5*t(z). Suppose -7*w + 2 = -26. Calculate y(w).
0
Let f(k) be the first derivative of 7/3*k**3 + 0*k + 1/60*k**5 + 0*k**2 + 1/4*k**4 + 5. Let p(x) be the third derivative of f(x). Give p(-5).
-4
Let b(z) = -z**3 - 2*z**2 + 4*z - 5. Let x be 59/413 - 58/14. What is b(x)?
11
Let o(d) = -10*d**2. Let w(r) = 13*r**2. Let b(i) = -5*o(i) - 4*w(i). Calculate b(-1).
-2
Let t(r) be the second derivative of 0*r**2 - 1/120*r**5 - r + 0*r**4 + 0 - 1/3*r**3. Let x(k) be the second derivative of t(k). Determine x(4).
-4
Let o(y) = 6*y - 8 - 14*y + 6*y. Let z be ((-21)/7)/(1/2). Calculate o(z).
4
Suppose 53*n - 55*n = 18. Let a(s) = -s**3 - 10*s**2 - 11*s - 9. Give a(n).
9
Suppose -34 - 116 = 5*g. Let r = 28 + g. Let f(i) = -3*i**3 - 3*i**2 + 2. Give f(r).
14
Let t(r) be the second derivative of r**5/20 + r**4/4 + 5*r**3/6 + 3*r**2 - 2*r - 27. Give t(-3).
-9
Let i(o) be the first derivative of -1 + 4*o + 1/4*o**4 - 4/3*o**3 - 2*o**2. Let y(q) = 2*q**2 - 3*q + 3. Let s be y(2). Determine i(s).
9
Let a = 795 - 792. Let i(g) = -3*g**2 + 3*g + 3. Calculate i(a).
-15
Let v = -36 + 60. Let m be (((-930)/(-18))/5)/((-2)/(-6)). Let p = m - v. Let s(b) = -b**2 + 5*b + 9. Give s(p).
-5
Let x be 4*2/(-4) - -5. Suppose 2*t + 0*t = -x*f - 16, -18 = -t + 5*f. Let k(u) = 6*u - 2. What is k(t)?
-14
Let y be 8*2/((-20)/(-145)). Let q = y - 117. Let t(d) = -d - 2. Calculate t(q).
-1
Let n(a) = a**2 - 9*a + 5. Let x(g) = 25*g + 159. Let k be x(-6). What is n(k)?
5
Let p(j) be the third derivative of -j**3/6 + 8*j**2. Let c(t) = t - 2. Let d(h) = 2*c(h) - 5*p(h). What is d(3)?
7
Let w = -43 - -44. Let z be (8 - w)/(-3 - -4). Let l(x) = -2*x + 4. Calculate l(z).
-10
Let u(w) = -7*w. Let v(p) = 2*p - 1. Let h(i) = -u(i) + v(i). What is h(-1)?
-10
Let r = 243 + -247. Let x(v) = -3*v - 4. Let u(g) = 5*g + 5. Let h(s) = 4*s + 4. Let z(f) = -6*h(f) + 5*u(f). Let j(l) = -3*x(l) - 8*z(l). Calculate j(r).
0
Let b be (-2 + -1)/(2 - 1). Let d(u) = -2*u**3 + 2*u - 1. Let q(p) = 13*p**3 + 3*p**2 - 11*p + 6. Let l(t) = 6*d(t) + q(t). Determine l(b).
-3
Let f(v) be the second derivative of v**6/180 - v**5/30 + 3*v**4/4 - 39*v. Let g(a) be the third derivative of f(a). Determine g(4).
12
Let v be (-24)/48*4*1. Let f(x) = 5*x**2 - 25*x - 12. Let c(r) = r**2 - 6*r - 3. Let g = 2 - -7. Let h(z) = g*c(z) + v*f(z). Give h(-2).
1
Suppose -14*g + 16 = 128. Let d(c) be the first derivative of -c**3/3 - 7*c**2/2 - 3*c - 6. What is d(g)?
-11
Suppose 56*k - s = 61*k + 3, 3*s = -2*k + 4. Let r(f) = -1. Let n(a) = 10*a**2 + a - 1. Suppose 4*w - 3*w = -2. Let o(u) = w*r(u) + n(u). Determine o(k).
10
Suppose 2*u = -26 + 30. Let m(g) = -17 + 17 + g - 2*g**2. Calculate m(u).
-6
Let y(c) be the third derivative of c**6/120 - c**5/60 + c**4/24 - 592*c**2. Determine y(2).
6
Let t = 7 + 10. Let g(a) = 3*a**2 - t*a**2 - 6*a + 8*a**2 + 4 - a**3. Determine g(-5).
9
Let k(y) = -y - 8. Let x be k(-11). Let u = 5 - x. Suppose u*z = -3*z. Let d(w) = w**3 - w**2 + w + 7. What is d(z)?
7
Let d(x) be the second derivative of -x**5/60 + x**4/3 - 4*x**3/3 + 2*x**2 - 35*x. Let i(w) be the first derivative of d(w). Calculate i(6).
4
Suppose 7*n + 0*n = 133. Let t(w) = 2 + 7*w**3 - 17*w**2 + n*w**2 - 2*w + 6 - 7. Calculate t(1).
8
Let g be (-106)/3*(-42)/28. Let t = g + -59. Let o(y) = -y**2 - 5*y - 7. Give o(t).
-13
Let s(d) = -2*d - 35. Let p be s(-20). 